3
Let y be 28*(0 - -2) - 2. Suppose u = -2*u + y. Suppose -5*m + 7 = -u. What is the units digit of m?
5
Suppose -5*t = -2 + 7, 4*t = -3*n - 16. Let i = 4 + n. Let y = 4 - i. What is the units digit of y?
4
Let i = -59 - -106. What is the units digit of i?
7
Let x be (9/6)/(2/28). Let b = x - 8. What is the units digit of -1 + b + (-5 - -2)?
9
Suppose 2*i - a = 39, -10 = -a - a. What is the tens digit of i?
2
Let a = 23 + -15. Let i(t) = -t + 4. Let v be i(2). What is the units digit of a + (v*-1 - -2)?
8
Let t = 1 + -3. Let s = t + 4. What is the units digit of 3/2 - (-3)/s?
3
What is the units digit of 0 + (-6 - -105)/1?
9
Suppose -11 = -7*n + 10. What is the units digit of n?
3
Suppose n - 4*a - 23 = 0, -4*n - a + 168 = 2*a. Let g = 56 - n. What is the units digit of g?
7
Let d = -11 - -7. Let h(p) = -p**3 - 5*p**2 - 6*p. What is the units digit of h(d)?
8
Suppose -f - 2*s = 2*f + 62, 4*f + 111 = 3*s. Let h = -14 - f. What is the units digit of h?
0
Let p be (2/6)/(1/69). Suppose 4*a - 28 = w - 5*w, -3*w = 5*a - p. Suppose 5*b + 4*q = 58, -2*b + w*q - q = -10. What is the units digit of b?
0
Let h(u) = -4 - 3*u - 1 + 1. Let r be h(3). Let i = r - -18. What is the units digit of i?
5
Let r be -2 + 23/(0 - -1). Suppose 0 = -g - 1 + r. What is the tens digit of g?
2
Let c(m) = -6*m**3 - 2*m + 5. Let g(s) = -s**3 - s**2 + s. Let b(v) = c(v) - 5*g(v). Let l be b(4). Let u(z) = -z**2 - 10*z - 8. What is the tens digit of u(l)?
1
Let q be (1 + -6)*(-2)/(-5). Let h(f) = f**2 + f. Let u be h(q). Suppose -4 = -u*c + 4*o - 8, 0 = -c - 4*o + 22. What is the units digit of c?
6
Suppose 5*p - 84 - 46 = 0. Suppose -5*z = 2*x - p, -2*z + 0*x - 7 = -5*x. Suppose 0 = -2*j + j + z. What is the units digit of j?
4
Let s be 2/1*(-85)/(-10). Suppose 3*t + 2 = s. Suppose -t*n + 46 - 11 = 0. What is the units digit of n?
7
Let j(n) = -5*n - 5. Let k(c) = -c - 1. Let o(a) = j(a) - 6*k(a). Let q = 0 + 3. What is the units digit of o(q)?
4
Let z(f) = f**3 - 5*f**2 - 5*f - 8. Let s be z(6). Let d be (7 + -7)*s/6. Suppose d = l - 5*l + 44. What is the units digit of l?
1
Let l = 69 + 22. What is the units digit of l?
1
What is the units digit of (1 - 8/(-6)) + 23/(-69)?
2
Let o = -19 + 28. Let x be (-3)/(o/12) + -1. Let c = x - -12. What is the units digit of c?
7
Let k be 3/(5 + 1) - 6/(-4). Suppose -2*q = -2*p + 4, 3*q - 2 = -4*p + 27. What is the units digit of k/(-3) + 14/q?
4
Let k = 460 - 195. What is the tens digit of k?
6
Let n = 54 - 21. Suppose -5*z - 50 = 3*s, 5*z + n + 37 = -5*s. What is the units digit of (-3 - (-10)/4)*s?
5
Let v = 178 - 67. What is the units digit of v?
1
Let q = 19 + -14. Suppose -5*t - 16 - 57 = -3*z, q*t = 4*z - 94. What is the units digit of z?
1
Suppose 0 = 5*n - 192 - 73. What is the units digit of n?
3
Let o(p) be the first derivative of 8*p**3/3 + p**2/2 + 4*p + 4. What is the tens digit of o(-2)?
3
Let v = 27 + 5. Suppose -36 = -3*h - 5*s, -5*h - s = -2*s - v. What is the units digit of h?
7
Let k = -7 + 9. Suppose -k*i = i + 3. What is the tens digit of (3*20)/3 + i?
1
Let y = -18 + 30. Let t = -8 + y. Let i(s) = 3*s + 2. What is the tens digit of i(t)?
1
Let n(f) = -f - f + 1 - 4. Let v be n(-3). Let s = 1 + v. What is the units digit of s?
4
Suppose 3*o = -o + 40. What is the units digit of o?
0
Let g(t) = 3*t**3 - 6*t**2 - 9*t - 4. Let r be g(7). What is the tens digit of r/12 + 2/(-3)?
5
Let h be (-6)/(-4) + (-6)/(-12). Suppose -h*f = -f - 5. Suppose -d - f*n - 19 - 4 = 0, -4*n = d + 18. What is the units digit of d?
2
Suppose 0 = 2*h + 2*u + 12, -h + 9 = -3*h - u. Let w = 30 - h. What is the units digit of w?
3
Let n(g) = g**2 + 4*g - 2. Let v be n(-6). Suppose -2*k + 10 + v = a, -a = -k - 32. What is the tens digit of a?
2
Suppose f = 4*p - 157, 10*p - 5*p - 2*f = 194. What is the tens digit of p?
4
Let d(w) = 4*w - 21. What is the units digit of d(9)?
5
Let l(v) = -v**2 - v + 31. What is the units digit of l(0)?
1
Let v = 8 - -6. Suppose 0 = 3*h - v - 4. What is the units digit of h?
6
Let h = 5 - 7. Let o be (-4)/(-2) + (h - -6). What is the units digit of o*(12/9 - 0)?
8
Let o = 26 - -62. What is the units digit of o?
8
Let q(h) = 10*h + 13*h**2 - 11*h**2 - 6 - 3*h - 3*h. What is the tens digit of q(4)?
4
Suppose 0 = 7*g - 3*g - 40. Suppose 0 = 2*y - 6*y - 2*a + 14, y = -5*a - g. What is the units digit of y?
5
What is the tens digit of 6/14 - (11592/(-49) + 3)?
3
Let q(o) be the third derivative of 1/120*o**6 + 1/2*o**3 + 1/6*o**4 + 0*o + 0 + o**2 - 1/12*o**5. What is the units digit of q(4)?
3
Let n = -43 - -52. What is the units digit of n?
9
Let t be 0 + -1 - (-2 + -1). Let g(k) = 0*k**3 - 1 + 3*k**2 - 1 - k**3. What is the units digit of g(t)?
2
Suppose -163 = -2*d + 3329. What is the units digit of 2/7 + d/63?
8
Let j = -4 - -44. What is the units digit of j?
0
Let r = 6 - 20. Let v = r - -35. What is the tens digit of v?
2
Suppose 0*s - s + 19 = 0. Let h = 28 + -39. Let u = s + h. What is the units digit of u?
8
Suppose 0 = -10*u + 6*u + 48. What is the units digit of (-201)/(-39) + u/(-78)?
5
Let s = -2 + -3. Let w(y) = -y**3 - 5*y**2 - y. Let h be w(s). Suppose 37 = 3*g - i, h*i = -3*g + i + 17. What is the units digit of g?
1
What is the units digit of ((-92)/(-6))/((-18)/(-81))?
9
Let m be 105/20 - (-1)/(-4). Let s = m + -6. What is the tens digit of (4/4)/(s/(-11))?
1
Let x(s) = -s**2 + 5*s. Let h be x(4). Let w(b) = 2*b + b**2 + 0*b + b - h*b + 2. What is the units digit of w(3)?
8
Let h = -6 + 9. What is the units digit of -1*(-16 - (-3)/h)?
5
Let w = 5 - -1. Let o(b) = b**3 - 5*b**2 - 5*b - 7. Let z be o(w). What is the tens digit of (5 + z)/((-3)/(-12))?
1
Suppose 0 = -2*k - r + 43, 3*k - 49 - 26 = 2*r. What is the tens digit of k?
2
Let d = -2 - -5. Suppose 0 = d*v - 2*h - 5, v - 4 = -v + 2*h. What is the units digit of v?
1
Suppose -3*n - 561 = -3*h, 2*n = -4*h - 2*n + 780. What is the tens digit of h?
9
Suppose -36 = -5*y - 4*w, 2*y + 5*w - 8 = 5*y. Let r(q) = -4*q + y*q - 4*q**2 - q**3 + 3. What is the units digit of r(-4)?
3
Suppose -n + 10 - 1 = 0. Suppose -m - 2*m = -n. Suppose 0 = -4*w + 4*j + 32, 2*w - 20 = -m*w - 5*j. What is the units digit of w?
6
Suppose -j - 2*h = -71 - 13, -3*j = 2*h - 236. What is the units digit of j?
6
Let a(p) = 102*p + 2. What is the hundreds digit of a(1)?
1
Let y(r) = -r**3 - 6*r**2 - 3*r - 5. Let x = -2 - 4. What is the tens digit of y(x)?
1
Suppose 4*n - 4*y - 136 = 0, 4*y - y + 176 = 5*n. What is the tens digit of n?
3
Let w(s) = -s**2 + s + 2. Let c be w(2). What is the tens digit of (-3 + -19)/(-2) + c?
1
Suppose 15*u - 12*u = 459. What is the hundreds digit of u?
1
Let u = -12 - -26. Let z = u + -10. What is the units digit of z?
4
Let h(q) = -q**3 + 7*q**2 + 1. Let y be h(7). What is the tens digit of y + (-2 - -4) + 11?
1
Suppose -2*p = -7*p - 5*s + 115, -3*s = p - 23. Let n = p - 6. What is the units digit of n?
7
Let a be 4/2 - 3 - -5. Suppose 4*h = 0, -a*h - 36 = 4*g - 0*h. What is the units digit of (-70)/g - 4/(-18)?
8
Suppose -3*g + g + 10 = 0, 0 = -k + 2*g - 7. Let z = 0 + k. What is the units digit of z?
3
Let b = 12 - 7. Suppose 5 = b*s - 0*l + 5*l, 5*s = -l + 13. Suppose -4*v + 24 = -4*t + s*t, 0 = -5*v + 3*t + 37. What is the units digit of v?
5
Let b be ((-6)/(-9))/(4/12). Suppose -4*q + b*q = 5*m - 110, -4*m - 3*q = -95. What is the tens digit of m?
2
Suppose -4*y + v + 17 = 0, v - 5 = -2. Suppose -l + 54 = l - 2*w, y*l - w = 131. What is the tens digit of l?
2
Suppose -s - 3*g - 4 = 0, 0 = 2*s - 3*s + 4*g + 24. What is the units digit of s?
8
Let q(v) = 8*v**2 + v - 6. Let d be q(4). Suppose 3*l + 3*f - d = 0, -l = -f - 4*f - 18. What is the units digit of l?
8
Let l(s) = 2*s + 4. Let i be l(-3). Let g = 15 + i. What is the tens digit of g?
1
Let i(m) = -m**2 + 4*m + 5. Let c be i(4). Suppose 17 + 43 = 2*j. Suppose -c*a + 5*o = -j, -4*a + 3*o = -0 - 19. What is the units digit of a?
1
Suppose -i + 110 = -4*q, -5*i + 5*q = -0*q - 520. What is the hundreds digit of i?
1
Let d be -4*-9*10/8. Let o = -7 + d. What is the tens digit of o?
3
Let a(o) be the third derivative of -o**6/120 - o**5/12 - o**4/6 + o**3/2 + o**2. What is the units digit of a(-4)?
3
Let l = -11 + 8. Let y be (l - 1)/2 - 10. What is the units digit of 128/y*6/(-4)?
6
Supp